5
What is the tens digit of (-16)/(-3)*(7 + -4)?
1
Let o(t) = t**3 + t**2 - t + 4. Let r be o(0). Suppose -10 = -r*f + 22. What is the units digit of f?
8
Let s be 7 + (-2 - 8/(-4)). What is the units digit of -9 + s - 5*-1?
3
Let i = -30 - -66. What is the units digit of i?
6
Let u(o) = -o**3 - o**2 + o + 4. Let q be u(0). Suppose -4*s + 3*v - q = -3*s, 32 = 3*s + 2*v. What is the units digit of s?
8
Suppose -6 = -4*d + 54. Suppose 4*n - 1 = 15, 5*r = 5*n + d. What is the units digit of r?
7
Suppose 0 = -4*g - 3*u - 61 - 0, 5*g + u + 79 = 0. Let d = -3 - g. What is the tens digit of d?
1
What is the hundreds digit of 4/(214/53 - 4)?
1
Let f be ((-1)/(-3 - -2))/(-1). Let c = f + 5. What is the units digit of 2/c*(-60)/(-3)?
0
Let w = 223 - 103. What is the units digit of w?
0
Suppose -b - b + 12 = -q, 2*b - 5*q - 12 = 0. What is the units digit of b?
6
Suppose 2*u = z - 2*z - 4, 3*u = 2*z + 8. Let v be u - (24 + 1)*-1. Suppose -2*l = -4*k + 20, 5*l + 4 = 3*k - v. What is the units digit of k?
3
What is the units digit of -6*13/(-2) - -3?
2
Let i(a) be the first derivative of a**2 - 14*a + 1. Let w be i(10). Let l = w + 0. What is the units digit of l?
6
Let o(u) = -9*u**2 - 6*u. Let m be o(-4). What is the units digit of (-4)/22 + m/(-55)?
2
Suppose 2*l = -l - 5*m + 11, 2*l + m = 5. Let a be (15/(-4))/(l/(-8)). Suppose 8*n - a = 5*n. What is the units digit of n?
5
Suppose -4*r + 0 + 4 = 0. Suppose -5*u = -4 - r. What is the units digit of (-1)/(1/(-12)) - u?
1
Let b be 800/36 - (-4)/(-18). Let f = b + -5. What is the units digit of f?
7
Let t(o) = -10*o**3 - o**2 - 7*o - 3. Let w(h) = -7*h**3 - h**2 - 5*h - 2. Let m(g) = -5*t(g) + 7*w(g). What is the tens digit of m(3)?
1
Suppose 4*h - 324 = h. What is the tens digit of h?
0
Suppose 3 = -2*u + 3*u. Let x(n) = -n - n**2 + n - n + 3 - n**u. What is the units digit of x(0)?
3
Let f = 126 + 151. What is the hundreds digit of f?
2
Let s be (3/(-12))/(2/(-904)). Suppose -y + 1 = -1, 3*x + y - s = 0. What is the tens digit of x?
3
Suppose t + 17 = 3*t + 3*m, -8 = t - 4*m. Suppose -s = t*k - 61, 0 = -3*k + 2*k + s + 9. Let h = -9 + k. What is the units digit of h?
5
Let u = 5 - 5. Suppose u = -3*n + 5*n - 10. What is the units digit of n?
5
Let n(y) = 3*y + 1. Let a be n(3). Let f = -29 + 43. What is the units digit of 56/a - f/(-35)?
6
Let g = 19 - 4. Suppose -6*v = -v - g. What is the units digit of v?
3
Suppose 0 = -5*d + 12 + 38. What is the units digit of (-8)/d*10/(-4)?
2
Let r(k) = k**3 - 3*k**2 - 7*k - 2. What is the units digit of r(5)?
3
Suppose 2*r = 5*d + 12, 5*d - 2*d = -r - 5. Let n = 20 + -14. What is the units digit of 14/n*3*r?
7
Let x(t) = t**3 - 6*t**2 - 5*t - 7. Suppose 0*q - 4*q = -28. Let f = 14 - q. What is the units digit of x(f)?
7
Let s(w) = -w + 6. Let g be s(6). Let k be (20/(-2))/(-1) - -2. Let h = g + k. What is the units digit of h?
2
Let g = 28 - 9. What is the tens digit of g?
1
What is the units digit of 1*(-1 - -23)*2?
4
What is the units digit of (-4)/(-18) - 21/(-27)?
1
Suppose 2 = -z + 7, 3*q + 5*z = 22. Let w = q - -4. Suppose -f - 22 = -w*f. What is the tens digit of f?
1
Let s be (-2)/((-29)/(-15) - 2). Let w = 91 - s. Suppose 5*r - 3*y - w = 0, 3*r + 71 = 7*r + 5*y. What is the tens digit of r?
1
Let d be 3 - 2 - (-2)/2. Suppose d*s + 120 = 5*l, 3*s - 10 = s. What is the units digit of l?
6
Let u(g) = -g**2 + 8*g + 10. Let q(d) = d**2 - 4*d - 4. Let m be q(6). What is the units digit of u(m)?
0
Let b be 0 - (-1 + (-1 - 0)). Let q = 12 - b. Let x = q - -4. What is the units digit of x?
4
Suppose -2*y = a + 3 - 15, 20 = 3*a + 2*y. Suppose 2*u - u - 5*w - 47 = 0, 140 = 4*u - a*w. What is the units digit of u?
2
Let m(y) = -4*y**3 + 2*y**2 + 2*y - 1. Let d be m(-2). Suppose 2*o - d = -9. What is the units digit of o?
3
Let m be -3 + 6*(-2)/(-4). Suppose -3*l - y = y - 22, m = 4*l - 2*y - 34. What is the units digit of l?
8
Let y = 6 - 11. Let u = 10 + y. Suppose -4*w + 0*s + 3*s = -23, 22 = u*w + 3*s. What is the units digit of w?
5
Let s = 35 - 21. Suppose 0 = l - 3*l - s. Let m = 7 - l. What is the tens digit of m?
1
Let j = 1 - -10. Let l = j + -4. What is the units digit of l?
7
Suppose b - 22 = -0*b. Suppose -3*p + 4*g = -p - b, 2*p = 5*g + 26. Let s = 7 - p. What is the units digit of s?
4
Let v(y) = -11*y + 17. Let a(k) = 3*k - 4. Let r(p) = 9*a(p) + 2*v(p). What is the tens digit of r(4)?
1
Let a = -6 + 3. Let d(z) = -5*z**3 + z**2 + 5*z + 4. Let r(q) = -5*q**3 + q**2 + 6*q + 5. Let p(n) = a*r(n) + 4*d(n). What is the units digit of p(-1)?
5
Suppose -38 = -3*v - 5*j, v = 4*v - 2*j - 73. What is the units digit of v?
1
Suppose -j + 7 = -x, -j + 6*x = 7*x + 3. What is the units digit of j?
2
Let f = 11 - 6. Suppose -f*g - 2*t - 2*t + 35 = 0, -t = 2*g - 11. What is the tens digit of (4 + -1)/(g/16)?
1
Let i(y) = y**2 - y + 5. What is the units digit of i(4)?
7
Let s = -23 + 48. What is the units digit of s?
5
Let n be 2/(-4) - 13/(-2). Let o(c) = c**3 - 6*c**2 - 2*c - 6. Let x be o(n). Let f = -5 - x. What is the units digit of f?
3
Let v = 13 - 29. Let r = v + 26. Let g = 17 - r. What is the units digit of g?
7
Let c(n) = 3*n**2 + 11*n - 6. What is the units digit of c(5)?
4
Suppose -3*j - 20 = -2*g - 0*g, 3*j = 4*g - 22. Let r be 345/7 + j/21. Suppose l = -4*h + r, -5*l = -3*h + 52 + 2. What is the units digit of h?
3
Suppose 0 = -4*y - 2*g + 766, -5*y + 950 = -g + 2*g. What is the units digit of y?
9
Let y(f) = 3*f**3 + 3*f**2 + 5*f + 2. Let v be y(-3). Let o = -42 - v. Suppose 3*c = -1 + o. What is the units digit of c?
8
Let w = 107 - 57. Let f = 72 - w. What is the units digit of f?
2
Let d be -8*(-3)/6 + -1. Suppose j + d = 15. What is the tens digit of j?
1
Let d = -30 + 18. Suppose 22 = -2*t - 2*g - 2*g, 3*t + 25 = -2*g. Let z = t - d. What is the units digit of z?
5
Let k be (-1)/((-2)/(-12)) + 1. Let a be 4/10 - 18/k. Suppose -a*w - 2*g = -5*g - 28, -5*w - 5*g + 70 = 0. What is the units digit of w?
0
What is the units digit of 2/(-10) - 208/(-40)?
5
Let b(d) = -d**3 - 4*d**2 + 6*d - 6. What is the units digit of b(-6)?
0
Let v = 24 + 35. What is the units digit of v?
9
Suppose 0*k = -3*k + 3*a + 975, 5*k = 4*a + 1628. What is the units digit of k?
8
Let q be -6 - 0/(-2) - 1. What is the tens digit of (5*q)/(-5 + 4)?
3
Suppose 0 = -4*a - o + 88, -o - 4*o = -4*a + 64. Let h = a + -10. What is the units digit of h?
1
Let b = 130 - 77. What is the units digit of b?
3
What is the tens digit of (-48)/(-28)*(51/6 + 2)?
1
What is the tens digit of (-154)/(-2*(-2 + 3))?
7
Suppose 2*t = -0*t + 32. What is the units digit of t?
6
Let j(x) = 13*x**3 - 3 - 14*x**3 - 3 - 5*x**2. Let w be j(-5). What is the units digit of (14/(-3))/(4/w)?
7
Suppose 4 = 3*m - 5, 7 = -5*i + 4*m. What is the units digit of (-33 - i)*(-4)/8?
7
Suppose 12 = -4*x + 6*x - 2*o, -3*x + 4*o = -20. What is the units digit of x?
4
Let q = 27 - 49. What is the units digit of (-62)/q + (-2)/(-11)?
3
Let b(c) = c + 2. Let z be b(-6). What is the units digit of (-44)/(-6) - z/(-12)?
7
Suppose 2*b - 30 = 2. Suppose 0 = 3*o - 2*k - b, 0*k - 3*k = -o + 10. Suppose 0 = -o*p + 3*p + 8. What is the units digit of p?
8
Let m(t) = -t**3 + t**2 + t + 1. Let v be m(2). Let k = 2 - v. What is the units digit of k?
3
Let g(t) = 7*t + 47. What is the tens digit of g(14)?
4
Suppose r = -2*v + 37 + 550, -25 = 5*r. What is the tens digit of v?
9
Let k be 14/(2/(-8)*-1). Suppose k = z + z. What is the units digit of z?
8
Suppose -12 = 4*j, 3*j = 3*p + p - 1. Suppose -5*s - 25 = -5*w, 11 = 3*w - s - 12. What is the tens digit of (-9 - p)/((-3)/w)?
2
Let z be ((-2)/6)/(1/(-6)). Suppose 0 = 4*s + 3*n - 11, s + z*n + 1 = -0*n. What is the units digit of s?
5
Suppose 0 = 2*o - y - 170, -o + y - 79 = -2*o. What is the tens digit of o?
8
Suppose -8 = 2*q - 6*q. Suppose 0 = -0*y + 2*y, -2*y = q*v - 2. What is the units digit of v?
1
Let w = 384 + -258. What is the tens digit of w?
2
Suppose -t + 0*t = -p - 12, -2*t = 5*p - 10. What is the units digit of (t - 2)*(2 - 0)?
6
Let c = -63 - -90. Suppose 2*s + 5*i = c, 4*s - 4*i + 17 = 113. Suppose 7 = -m + s. What is the tens digit of m?
1
Let z(g) = -5*g**3 - 8*g**2 - 7*g + 7. Let t(i) = 14*i**3 + 23*i**2 + 20*i - 20. Let w(l) = -4*t(l) - 11*z(l). What is the units d